et m be u(-2). Suppose 2*t - 5*v = 17, -m*t = -0*t - 5*v - 13. Let a(b) = -45*b**3 - 8*b**2 - 9*b + 1. Is a(t) composite?
False
Suppose 103*s - 22628596 - 6089496 = -6156869. Is s prime?
True
Suppose -t + f - 3 = -8, 2*t - f = 12. Let q(b) = -10*b**2 + 16*b - 7330. Let h(z) = 3*z**2 - 5*z + 2443. Let y(d) = t*h(d) + 2*q(d). Is y(0) composite?
False
Let u = -94 - -91. Is (2/u)/(36/(-50166)) a prime number?
True
Let j(i) = i**2 - 25*i + 125. Let z be j(10). Let y(p) = -229*p + 174. Is y(z) a composite number?
True
Let p = 178 - 302. Let d = -230 + 520. Let y = p + d. Is y a composite number?
True
Suppose 11*f - 79 = 394. Let h = 884 - f. Is h a composite number?
True
Suppose t + 4*b - 5 = 0, 4*b - 19 = 5*t + 28. Let m be 2*(-2 - -3) + t + 135. Let f = 189 - m. Is f composite?
False
Suppose 4889206 + 3555682 = 13*h + 2325801. Is h a composite number?
True
Let q = 54 + -49. Suppose 85 = q*j - 0*j. Let k(o) = -o**3 + 25*o**2 - 24*o - 15. Is k(j) composite?
False
Let w be ((-2)/4 - -2)*234/(-27). Let k(r) be the second derivative of -13*r**3/6 - 19*r**2 - 7*r. Is k(w) a prime number?
True
Let b(d) = -d - 766. Let o be b(0). Let x = o + 2459. Is x a prime number?
True
Suppose 0 = -2*a - 4*s + 67542, a - 12*s + 9*s - 33766 = 0. Let j = a + -23472. Is j composite?
True
Let k = -23325 - -35126. Is k a prime number?
True
Suppose 2*m + 2*p - 129582 = 15642, 0 = 2*m - 4*p - 145254. Is m a composite number?
False
Let b = 917 + -5593. Let v = b + 6829. Is v a composite number?
False
Suppose 0 = 4*i - 2*g - 1239252, 0 = 2*i + 2*g - 127351 - 492263. Is i prime?
True
Let i(s) = -3*s**2 + 63*s - 32. Let h be i(20). Is 273/h - 10 - 228506/(-8) composite?
True
Suppose -3*f = -b - 3, 4*f - 5*f = b + 3. Let s = f - 10. Is 541/(-2)*20/s a prime number?
True
Let d(s) = s**3 - s + 87. Let z be d(0). Let y = z + -49. Suppose 34*i + 988 = y*i. Is i a prime number?
False
Suppose 0 = -5*k + 2*a + 16, -4*k - a = -0 - 5. Let d be (-1 + 0)/(k/(-334)). Suppose -36 = -g + d. Is g a prime number?
False
Suppose 12*m - 650772 = -571815 + 1010031. Is m a composite number?
False
Is 7 + -118*(-4721 + -16) prime?
True
Let z(o) = 2675*o + 29. Let w = 226 + -222. Is z(w) prime?
True
Is ((-954)/12)/(51/(-3026)) a prime number?
False
Let d(h) = -h**2 + 3*h + 2. Let b be d(4). Let u be (-3)/b + 7/2. Suppose u*r + 33 = 2*i - 61, -3*r + 188 = 4*i. Is i a composite number?
False
Let l = -479 - -504. Is 1/5 + 2/l*779585 composite?
True
Suppose 0 = 3*q - o - 98553, 0*q - 5*o + 65719 = 2*q. Suppose 14*f + q + 19620 = 0. Let l = f - -6563. Is l prime?
False
Let u = 57 + -55. Suppose 6*c + 550 = a + u*c, -a - c = -575. Suppose a + 981 = 3*z. Is z prime?
False
Let k(c) be the second derivative of 19*c**5/20 - 2*c**4/3 + 9*c**3/2 - 56*c**2 - c - 114. Is k(6) prime?
False
Suppose -3*y + u - 118 = 0, -4*y - 57 - 103 = -4*u. Let l = 970 - y. Is l a prime number?
True
Let n = 35 + -28. Let j(k) = -k**3 + 5*k**2 + 13*k + 9. Let x be j(n). Suppose -x*o + 3496 = 1134. Is o a prime number?
True
Is (89 - 91)/(2/(-29411)) prime?
True
Let x = -43177 - -95960. Is x composite?
False
Suppose -79*a = 108*a - 15*a - 180504884. Is a a prime number?
False
Suppose -16 = -8*w - 0. Is (-1 + (-2295)/w)/((-27)/108) composite?
True
Suppose 12275875 = 59*f + 72*f - 6*f. Is f prime?
True
Let q be (-146)/(-4)*(-100)/2. Let n = q - -5048. Is n prime?
False
Let w = 127 + -115. Suppose -30*m + w*m + 12402 = 0. Is m a prime number?
False
Let y = 436 + -448. Is (61870/(-15))/(8/y) prime?
False
Let m(u) = 1653*u**2 + 2*u - 9. Let a be (-10 - -13 - 7) + 6/1. Is m(a) composite?
False
Is 12/36 - (-1584652)/6 a prime number?
False
Suppose 0 = -2*a - 2, 4*a = -2*s + a - 3. Suppose 4*t - 2928 = -3*d + 5*t, s = 4*d + t - 3911. Is d composite?
False
Suppose 4*o + 5*c - 4*c = -192, -3*o - 139 = 2*c. Let y = o - -53. Suppose y*j - 4228 = -10*j. Is j a prime number?
False
Suppose a + 5*h = 274422, 5*a - 256*h = -251*h + 1372260. Is a a prime number?
False
Let a(l) = 2*l**3 - 8*l**2 + 7*l - 2. Let x be 9/(-6)*40/12. Let f = x - -10. Is a(f) a composite number?
False
Let t(d) = -11*d**3 + 9*d**2 - 12*d - 6. Let j(u) = -4*u**3 + 5*u**2 - 6*u - 3. Let p(g) = -7*j(g) + 4*t(g). Is p(-4) a composite number?
False
Suppose -5*i = 5*a - 1062495, -3*a = -2*i - 15425 + 440413. Is i a prime number?
False
Let o(s) = -5*s - 6. Let c be o(-2). Let f be ((-2250)/c)/(3/(-6)). Suppose -q + 388 = -m - 2*m, 4*m = -3*q + f. Is q prime?
True
Suppose -683159 = -42*h + 38*h + y, 6 = -2*y. Is h a prime number?
False
Let b be 6/24 + (-3339)/(-84). Let c = 4 - 7. Let y = b + c. Is y a prime number?
True
Let w(i) = i**3 - 3*i**2 + 7*i - 42. Let y be w(4). Let v(r) = -3*r - 1 - r + 308*r**2 - 66*r**2. Is v(y) prime?
False
Let i = 221 + -222. Let g(x) = -2844*x**3 - 5*x - 3. Is g(i) a prime number?
False
Suppose -2*j - 346348 = -2*p, 3*p - 362700 - 156780 = -3*j. Is p prime?
False
Suppose -3*s + 186797 = 131*z - 129*z, -4*s + 249071 = z. Is s a composite number?
True
Let x(k) = -123*k**3 - 4*k**2 - 8*k - 23. Is x(-6) a prime number?
True
Let x = -162 + 162. Suppose x = 10*v + 487 - 17697. Is v composite?
False
Is (40095/22 - 19)/(1/4*2) composite?
False
Let u be 79 + -2*(5 + -3). Is 5/(u/56240) - 3/9 prime?
False
Suppose 0 = -3*g + 114 - 270. Let t = -48 - g. Is 1/(t/(-12)) - -160 a prime number?
True
Let l(j) = 2697*j**2 + 519*j**2 + 1 + 6*j + 0*j - 7*j. Let i be l(-1). Suppose -3*g + z + 3*z + 2413 = 0, 4*g - 5*z = i. Is g prime?
False
Suppose -188 = 10*o + 2. Let g(p) = -514*p - 233. Is g(o) composite?
False
Let h(w) = w**3 - 2*w**2 + 2*w - 6. Let p = 28 - 26. Let s be h(p). Is 1 - (96/s + -2) a composite number?
True
Let i(w) = -w**3 + 2*w**2 + 62*w - 4. Let h be i(-7). Suppose -7*m = h*m - 92330. Is m a composite number?
True
Let h = 8447 - -1730. Is h prime?
True
Let f(j) = -5*j. Let m be f(-1). Suppose -m*w = -6*k + 8*k + 24, -4*w - 22 = 3*k. Is 3 - (w - -276)*-7 composite?
False
Let r(v) = 13*v + 5. Let z be r(3). Let n(p) = 61*p - 19*p + 24 + z*p - 25. Is n(12) prime?
True
Let f(h) = 5*h**2 + 13*h - 7. Let p = 83 - 95. Is f(p) a composite number?
False
Suppose -161*o = -159*o - 28. Is 22570/15 - o/(-6) composite?
True
Let h = -40 - -46. Suppose 7 = -h*q + 37. Suppose r = q*r - 8972. Is r composite?
False
Suppose 15*z - 26 = -176. Is ((-5)/(-3))/(z/(-88170)) composite?
True
Let l(d) = d**3 - 30*d**2 + 58*d - 62. Let t be l(28). Is (2 - 0)*t/((-12)/1657) a composite number?
False
Suppose 3*r = 3*q + 3 + 9, -5*r + 2*q = -20. Suppose j = -953 + 5224. Suppose -o = -2*y - 2*o + 2143, r*y = o + j. Is y a composite number?
False
Suppose -61*b + 462016 = 3*b. Is b prime?
True
Let y = 2222 - 7630. Let d = -1269 - y. Is d a prime number?
True
Suppose -3 = r, -5*k + 4*k = 5*r + 17. Is 1/k*(-5 + -1 + -2140) a composite number?
True
Is (146728 - (24/(-8) + 5)) + -7 a composite number?
False
Let t be (46/6 - 6)*3. Suppose 5300 = 5*p - t*d, 3*p + d - 2*d = 3170. Is p a composite number?
True
Suppose 0 = -378*h - 66097507 + 201917065. Is h composite?
False
Suppose 2*x = 2*v - 69262, -81*v + 5*x = -77*v - 138522. Is v prime?
False
Let l(a) = a**3 + 10*a**2 + 13 + 6*a + 8 - 4 - 3*a. Let t(v) = 3*v - 28. Let m be t(12). Is l(m) a prime number?
True
Let r(x) = 26*x**2 + 10*x - 11. Suppose j - 7 = k, -19 = 3*k - j - 0*j. Is r(k) prime?
False
Suppose 26*a - 734320 = 1461369 + 332785. Is a a prime number?
False
Let a(h) = -716*h + 995. Is a(-4) composite?
True
Is ((-483774)/(-12) - -11)*4 prime?
False
Let t = 42382 + -86326. Let d = t + 81439. Is d a composite number?
True
Let o(m) = 46*m**2 - 3*m + 19. Suppose 0 = -2*f + 162 + 118. Let u be (6 + f/(-25))/((-3)/45). Is o(u) a prime number?
True
Is (337 + 1)*697 + -7*(-84)/196 composite?
True
Suppose -604 + 89 = -5*g. Suppose 99*m = g*m - 5756. Is m a prime number?
True
Let d(p) = 2241*p**2 + 228*p - 176. Is d(-15) prime?
True
Suppose -3*f + 51 - 18 = 0. Let w = 84 - 77. Suppose -w*k - 1516 = -f*k. Is k composite?
False
Let g(n) be the first derivative of -212*n**2 + 9*n - 461. Let u be 1/(-2)*(-1 + 11). Is g(u) a prime number?
True
Suppose -1 = y - p, 3*y + 8 = y - 4*p. Let c be (y + (-20)/(-8))/(2/(-12244)). Is -1*1/1*c a prime number?
True
Suppose 0 = 5*w - 3*w - 2*f + 6, 3*f - 15 = -3*w. Is 274/w + 1 + (6 - 7) a composite number?